Is 3549 a multiple of 7?
True
Is 14 a factor of 4802?
True
Is 32 a factor of 877?
False
Does 38 divide 912?
True
Is 6 a factor of 25285?
False
Does 5 divide 292?
False
Is 12488 a multiple of 14?
True
Is 4 a factor of 6842?
False
Does 2 divide 60?
True
Is 8024 a multiple of 64?
False
Is 7 a factor of 1978?
False
Is 24369 a multiple of 10?
False
Is 31 a factor of 2821?
True
Is 24 a factor of 1527?
False
Does 16 divide 874?
False
Is 180 a factor of 2794?
False
Does 23 divide 73412?
False
Is 4 a factor of 933?
False
Is 12 a factor of 804?
True
Is 18 a factor of 11545?
False
Is 17 a factor of 150926?
True
Is 15 a factor of 3825?
True
Is 193 a factor of 11453?
False
Is 51 a factor of 561?
True
Is 12822 a multiple of 33?
False
Does 22 divide 231?
False
Is 8 a factor of 1977?
False
Does 14 divide 1666?
True
Does 26 divide 1404?
True
Does 17 divide 116?
False
Is 24 a factor of 951?
False
Is 6 a factor of 8116?
False
Is 149 a factor of 7301?
True
Is 7279 a multiple of 29?
True
Does 75 divide 1394?
False
Does 15 divide 5263?
False
Is 1278 a multiple of 26?
False
Is 2728 a multiple of 80?
False
Is 198 a factor of 56232?
True
Is 300 a multiple of 15?
True
Is 12 a factor of 15308?
False
Is 42 a factor of 1637?
False
Does 16 divide 1792?
True
Is 9 a factor of 153?
True
Does 23 divide 253?
True
Is 15 a factor of 10320?
True
Is 78 a factor of 195?
False
Does 13 divide 322?
False
Is 29 a factor of 13043?
False
Does 9 divide 23949?
True
Does 3 divide 203?
False
Is 5856 a multiple of 21?
False
Is 97232 a multiple of 21?
False
Is 62088 a multiple of 104?
True
Does 9 divide 6629?
False
Is 73 a factor of 584?
True
Is 18 a factor of 50670?
True
Is 14137 a multiple of 7?
False
Is 49 a factor of 4704?
True
Is 36 a factor of 468?
True
Does 70 divide 70?
True
Does 12 divide 3859?
False
Is 1921 a multiple of 17?
True
Does 226 divide 183326?
False
Is 2156 a multiple of 7?
True
Does 39 divide 7878?
True
Is 958 a multiple of 38?
False
Is 11 a factor of 49?
False
Is 44618 a multiple of 10?
False
Is 32 a factor of 984?
False
Does 3 divide 24336?
True
Does 51 divide 1785?
True
Is 6 a factor of 27638?
False
Is 1667 a multiple of 8?
False
Does 17 divide 449?
False
Is 54 a factor of 702?
True
Is 245 a multiple of 62?
False
Does 14 divide 2573?
False
Does 17 divide 9316?
True
Is 13 a factor of 2717?
True
Is 49 a factor of 814?
False
Is 22 a factor of 10664?
False
Is 69 a multiple of 2?
False
Does 3 divide 839?
False
Is 11 a factor of 2970?
True
Is 68 a factor of 599?
False
Does 59 divide 340?
False
Does 15 divide 777?
False
Is 771 a multiple of 8?
False
Is 736 a multiple of 23?
True
Is 33 a factor of 1782?
True
Is 12 a factor of 56820?
True
Is 1212 a multiple of 12?
True
Does 14 divide 9800?
True
Is 210 a multiple of 70?
True
Does 11 divide 10142?
True
Is 18 a factor of 1699?
False
Is 210 a factor of 840?
True
Is 20 a factor of 1002?
False
Does 22 divide 22?
True
Does 15 divide 570?
True
Is 59 a factor of 12217?
False
Does 22 divide 676?
False
Does 6 divide 194?
False
Is 19 a factor of 3813?
False
Does 13 divide 850?
False
Does 18 divide 432?
True
Is 546 a multiple of 30?
False
Is 3730 a multiple of 10?
True
Is 196 a multiple of 15?
False
Is 7448 a multiple of 49?
True
Is 4657 a multiple of 5?
False
Is 6 a factor of 2718?
True
Is 11 a factor of 11153?
False
Is 61178 a multiple of 54?
False
Is 4074 a multiple of 97?
True
Is 252 a multiple of 9?
True
Is 329 a multiple of 90?
False
Is 467 a multiple of 51?
False
Is 38 a factor of 1292?
True
Is 35 a factor of 1309?
False
Does 13 divide 123641?
False
Does 8 divide 38922?
False
Is 4480 a multiple of 20?
True
Is 17 a factor of 14533?
False
Does 22 divide 328?
False
Is 66 a multiple of 44?
False
Is 1725 a multiple of 60?
False
Is 2640 a multiple of 20?
True
Is 194 a factor of 13386?
True
Is 67656 a multiple of 24?
True
Is 1256 a multiple of 15?
False
Is 22 a factor of 15182?
False
Does 4 divide 210?
False
Is 179 a factor of 14320?
True
Is 21119 a multiple of 13?
False
Is 77 a factor of 2695?
True
Is 1131 a multiple of 29?
True
Is 550 a multiple of 11?
True
Is 16287 a multiple of 16?
False
Is 3216 a multiple of 24?
True
Does 43 divide 682?
False
Is 19 a factor of 36285?
False
Is 232 a multiple of 8?
True
Is 21 a factor of 1281?
True
Does 45 divide 1762?
False
Does 60 divide 16583?
False
Does 32 divide 1408?
True
Does 404 divide 20679?
False
Is 5 a factor of 34?
False
Is 935 a multiple of 8?
False
Is 12 a factor of 1754?
False
Is 3451 a multiple of 9?
False
Is 7 a factor of 19738?
False
Is 1667 a multiple of 24?
False
Is 20 a factor of 2760?
True
Is 1462 a multiple of 34?
True
Is 16960 a multiple of 16?
True
Is 75538 a multiple of 211?
True
Does 36 divide 69228?
True
Is 621 a multiple of 54?
False
Is 6179 a multiple of 21?
False
Does 50 divide 12686?
False
Does 29 divide 74584?
False
Does 27 divide 1817?
False
Does 4 divide 898?
False
Does 11 divide 1240?
False
Is 86 a factor of 5074?
True
Is 177 a factor of 40887?
True
Does 10 divide 2130?
True
Is 6048 a multiple of 72?
True
Is 3899 a multiple of 82?
False
Is 32 a factor of 384?
True
Is 3853 a multiple of 97?
False
Is 289 a multiple of 10?
False
Does 19 divide 132248?
False
Does 14 divide 4788?
True
Is 2912 a multiple of 23?
False
Is 27 a factor of 35154?
True
Does 29 divide 377?
True
Is 16252 a multiple of 17?
True
Is 321 a multiple of 11?
False
Does 47 divide 3302?
False
Is 87 a factor of 389?
False
Is 592 a multiple of 74?
True
Is 2880 a multiple of 18?
True
Is 42 a factor of 294?
True
Is 7 a factor of 5645?
False
Is 36 a factor of 1656?
True
Is 9738 a multiple of 33?
False
Is 4542 a multiple of 133?
False
Is 17 a factor of 1326?
True
Is 6 a factor of 11120?
False
Is 12611 a multiple of 14?
False
Does 7 divide 9471?
True
Is 4 a factor of 907?
False
Is 8782 a multiple of 7?
False
Is 696 a multiple of 24?
True
Is 139 a factor of 19877?
True
Is 47 a factor of 423?
True
Is 8 a factor of 17472?
True
Is 5 a factor of 71?
False
Is 29 a factor of 1508?
True
Does 26 divide 4825?
False
Is 10 a factor of 873?
False
Does 127 divide 1849?
False
Does 13 divide 425?
False
Does 21 divide 2705?
False
Is 2272 a multiple of 108?
False
Does 10 divide 43060?
True
Is 30 a factor of 15120?
True
Is 79 a factor of 632?
True
Is 13 a factor of 143?
True
Does 12 divide 1677?
False
Is 90 a factor of 15840?
True
Is 12816 a multiple of 16?
True
Is 27 a factor of 783?
True
Does 75 divide 6300?
True
Is 330 a multiple of 33?
True
Is 11 a factor of 1056?
True
Is 350 a multiple of 4?
False
Is 532 a multiple of 7?
True
Is 1344 a multiple of 28?
True
Is 20 a factor of 700?
True
Is 3584 a multiple of 2?
True
Does 39 divide 53625?
True
Is 220 a multiple of 20?
True
Is 11 a factor of 880?
True
Is 7505 a multiple of 6?
False
Is 391 a multiple of 17?
True
Is 3890 a multiple of 77?
False
Does 48 divide 240?
True
Is 10528 a multiple of 32?
True
Does 88 divide 478?
False
Does 35 divide 718?
False
Is 3 a factor of 6813?
True
Does 19 divide 6099?
True
Is 3198 a multiple of 6?
True
Does 11 divide 185?
False
Is 2270 a multiple of 15?
False
Is 23 a factor of 3703?
True
Is 19 a factor of 3436?
False
Is 21853 a multiple of 13?
True
Does 93 divide 2544?
False
Is 280 a multiple of 10?
True
Does 16 divide 1947?
False
Is 8 a factor of 200?
True
Does 4 divide 9073?
False
Is 3187 a multiple of 39?
False
Does 51 divide 30071?
False
Is 2355 a multiple of 15?
True
Is 2895 a multiple of 3?
True
Does 207 divide 5796?
True
Does 8 divide 2514?
False
Is 4188 a multiple of 4?
True
Is 1009 a multiple of 5?
False
Is 24264 a multiple of 17?
False
Is 25 a factor of 29575?
True
Is 4 a factor of 173?
False
Is 110 a factor of 2420?
True
Is 144 a multiple of 3?
True
Does 14 divide 422?
False
Does 36 divide 72?
True
Is 17 a factor of 84?
False
Is 502 a multiple of 10?
False
Does 56 divide 32648?
True
Does 44 divide 3060?
False
Does 12 divide 521?
False
Is 29990 a multiple of 22?
False
Is 15 a factor of 2379?
False
Does 7 divide 38782?
False
Is 6 a factor of 1214?
False
Is 8 a factor of 216?
True
Is 16 a factor of 268?
False
Is 584 a multiple of 22?
False
Is 1148 a multiple of 82?
True
Is 61 a factor of 3355?
True
Is 26 a factor of 26?
True
Does 19 divide 2603?
True
Is 27 a factor of 2509?
False
Is 1921 a multiple of 119?
False
Does 21 divide 13041?
True
Is 4